 common factor of 19721 and 72365.
41
Calculate the greatest common divisor of 760158 and 5859.
189
What is the highest common divisor of 13916 and 290248?
1988
Calculate the highest common factor of 1290 and 660810.
30
What is the highest common factor of 6564 and 2604834786?
3282
What is the highest common factor of 2881 and 1048813?
43
What is the highest common factor of 788848 and 392544?
752
What is the greatest common divisor of 95968 and 34208?
32
What is the greatest common factor of 169904588 and 140?
28
What is the greatest common factor of 1162413 and 6321?
21
Calculate the greatest common divisor of 2392 and 3010046.
26
Calculate the highest common divisor of 45455715 and 6201.
477
Calculate the greatest common factor of 2206005445 and 35.
35
What is the highest common divisor of 23376720 and 75815?
1285
Calculate the highest common divisor of 9613932 and 74.
74
Calculate the greatest common factor of 23940332 and 32708.
1924
What is the highest common factor of 11264 and 237045248?
5632
What is the greatest common factor of 28461 and 2014287?
537
What is the highest common divisor of 327216 and 986?
34
Calculate the greatest common factor of 538888 and 266.
14
What is the highest common factor of 6976700 and 1300?
100
Calculate the greatest common divisor of 89031084 and 1327.
1327
Calculate the greatest common divisor of 178580 and 14080.
20
What is the greatest common divisor of 215930 and 127710?
110
Calculate the greatest common divisor of 8647926 and 1995.
399
What is the greatest common divisor of 9064 and 15832?
8
What is the greatest common factor of 920 and 115839385?
115
Calculate the greatest common divisor of 25193 and 417543.
413
What is the highest common divisor of 4549717 and 4041?
449
What is the highest common factor of 451159833 and 6882?
3441
What is the greatest common factor of 3102 and 18722671?
11
What is the greatest common factor of 214132 and 430708?
188
What is the highest common factor of 13662 and 113466?
6
Calculate the highest common factor of 4504 and 159656.
8
Calculate the highest common factor of 85913 and 222176.
53
What is the greatest common divisor of 4625740 and 710030?
7030
Calculate the greatest common factor of 65 and 316849.
13
What is the highest common divisor of 209715168 and 65?
13
Calculate the highest common factor of 152 and 6605312.
152
Calculate the greatest common factor of 1894200 and 30275.
175
What is the highest common divisor of 52173 and 272860047?
4743
What is the greatest common factor of 622388 and 19136?
52
What is the greatest common divisor of 10324 and 1124939?
29
What is the highest common factor of 5 and 3110759?
1
Calculate the greatest common divisor of 5107415 and 650.
5
What is the highest common factor of 7638 and 1876134?
402
Calculate the greatest common factor of 7952256 and 6318.
2106
Calculate the greatest common factor of 26 and 1524687281.
13
Calculate the highest common divisor of 56 and 77021266.
14
Calculate the highest common factor of 407 and 6848589.
407
Calculate the greatest common divisor of 337730031 and 3195.
639
What is the highest common divisor of 57874217 and 25387?
479
Calculate the highest common divisor of 76 and 6654826.
38
Calculate the highest common divisor of 44859 and 21976188.
2361
What is the greatest common factor of 8 and 3757631?
1
Calculate the highest common divisor of 51111588 and 5406.
102
Calculate the highest common divisor of 19453 and 14365842.
397
Calculate the greatest common divisor of 565 and 830489545.
565
What is the highest common factor of 288428 and 5656?
28
What is the highest common divisor of 26 and 853682?
2
Calculate the greatest common factor of 3978 and 35281647.
153
What is the greatest common divisor of 27631875 and 2500?
625
Calculate the greatest common factor of 230488 and 906014.
1226
Calculate the greatest common factor of 1248 and 22704032.
416
Calculate the highest common factor of 3167122 and 101738.
602
What is the highest common factor of 1864 and 41926253?
233
Calculate the greatest common divisor of 1375 and 4462425.
275
Calculate the highest common divisor of 417 and 139660111.
139
What is the highest common divisor of 58750 and 20633?
47
What is the highest common divisor of 66519995 and 4610?
2305
Calculate the highest common factor of 28450 and 313075.
25
Calculate the greatest common factor of 15 and 133601205.
15
What is the highest common factor of 422 and 12783435?
211
Calculate the highest common factor of 364595 and 6985.
55
Calculate the highest common divisor of 51753 and 326963.
13
Calculate the greatest common factor of 146624 and 802082.
58
What is the highest common factor of 2836 and 6385963?
709
Calculate the highest common factor of 3479 and 3764207.
71
Calculate the greatest common factor of 34611 and 237214.
83
Calculate the highest common divisor of 177326 and 10.
2
What is the greatest common divisor of 8890469 and 56?
7
What is the greatest common divisor of 198 and 956513382?
66
Calculate the greatest common divisor of 149999 and 4087.
61
Calculate the highest common factor of 2300 and 6452500.
100
What is the highest common divisor of 26389 and 5390?
11
What is the highest common factor of 425825565 and 11385?
3795
What is the greatest common factor of 848 and 101488?
16
What is the highest common divisor of 483756 and 1196?
52
Calculate the greatest common divisor of 1600812006 and 6.
6
Calculate the greatest common factor of 56520 and 25170.
30
Calculate the highest common divisor of 41 and 118823371.
41
What is the greatest common divisor of 410 and 21061530?
10
Calculate the greatest common factor of 10263 and 15432351.
33
Calculate the greatest common factor of 490902 and 774.
6
What is the highest common factor of 1399889960 and 994?
994
What is the greatest common divisor of 24919174 and 56?
14
What is the highest common divisor of 144 and 619376?
16
What is the highest common divisor of 440 and 1993480?
40
What is the greatest common factor of 1423499 and 318010?
539
What is the greatest common factor of 57 and 83284847?
19
Calculate the highest common factor of 12488 and 1907096.
1784
Calculate the greatest common divisor of 2704 and 704236.
52
What is the greatest common divisor of 9752 and 44655256?
424
What is the highest common divisor of 11557641 and 30?
3
What is the highest common divisor of 4181554 and 169?
13
Calculate the greatest common divisor of 1497631 and 1528.
191
Calculate the greatest common divisor of 291169691 and 149.
149
Calculate the highest common factor of 94646 and 9022066.
2558
Calculate the greatest common factor of 956318 and 181547.
2557
Calculate the highest common divisor of 35833 and 28691995.
5119
What is the highest common divisor of 108 and 178837578?
54
What is the highest common factor of 257141376 and 5728?
5728
Calculate the highest common divisor of 10033196 and 204.
68
Calculate the greatest common factor of 459 and 24904881.
459
What is the greatest common divisor of 3798 and 56683251?
1899
Calculate the highest common factor of 18117239 and 14.
7
What is the greatest common divisor of 1340 and 12047270?
670
Calculate the highest common factor of 14679 and 33789.
21
Calculate the highest common divisor of 232 and 785943326.
58
Calculate the highest common factor of 3698472 and 236520.
1752
Calculate the greatest common divisor of 2002 and 14313156.
286
What is the highest common factor of 25088 and 157262336?
3584
Calculate the highest common factor of 46400728 and 264.
88
Calculate the greatest common divisor of 692055 and 89739.
1521
Calculate the greatest common divisor of 40 and 6572785.
5
What is the highest common divisor of 1745 and 12070?
5
Calculate the highest common divisor of 116691 and 275577.
291
Calculate the greatest common factor of 24 and 688424200.
8
Calculate the greatest common factor of 30552773 and 47.
47
Calculate the highest common factor of 30462110 and 394.
394
Calculate the highest common factor of 25840 and 117060.
20
What is the highest common factor of 10530 and 215965035?
5265
Calculate the highest common divisor of 16132 and 41884.
148
Calculate the highest common divisor of 3051 and 1689011.
113
What is the highest common divisor of 248 and 36937244?
124
Calculate the 